{"id":303,"date":"2024-09-25T17:24:05","date_gmt":"2024-09-25T17:24:05","guid":{"rendered":"http:\/\/85.215.161.183\/TvoDev\/?page_id=303"},"modified":"2024-09-25T17:24:05","modified_gmt":"2024-09-25T17:24:05","slug":"rosenmontag-2024","status":"publish","type":"page","link":"https:\/\/tv-oberfrohna.de\/?page_id=303","title":{"rendered":"Rosenmontag 2024"},"content":{"rendered":"\n<p>Liebe Narren und Faschingsfreunde,<\/p>\n\n\n\n<p>zur traditionellen Rosenmontagsparty 2024 (12.2.) versetzen wir uns mit Euch ein paar Jahre zur\u00fcck und feiern gemeinsam im Jahnhaus das Ossigl\u00fcck!<\/p>\n\n\n\n<p>Unter dem Motto: SEID BEREIT, IMMER BEREIT! ZUR ROSENMONTAGSWENDE IM DEDERONKLEID werden in allen R\u00e4umen die \u201cMauern\u201d wackeln und hemmungslos gefeiert.<\/p>\n\n\n\n<p>Mit den erfahrenen DJ-Pionieren Hafer &amp; Ede, DJ Egge, DJ Locke und den Hartmannsdorfer Schalmeien geht die feuchtfr\u00f6hliche Ost-Sause so richtig los. Der&nbsp;<strong>kostenlose<\/strong>&nbsp;Bustransfer bringt alle feierw\u00fctigen B\u00fcrger aus dem Stadtgebiet Limbach-Oberfrohna sicher zur Feier und wieder nach Hause..<\/p>\n\n\n\n<p>Der Kinderfasching findet einen Tag fr\u00fcher, also am Sonntag, den 11. Februar 2023 statt..&nbsp;<img loading=\"lazy\" decoding=\"async\" src=\"https:\/\/static.xx.fbcdn.net\/images\/emoji.php\/v9\/tcd\/1\/16\/1f643.png\" alt=\"\ud83d\ude43\" width=\"16\" height=\"16\"><\/p>\n\n\n\n<p>ACHTUNG der Vorverkauf der beliebten Rosenmontagskarten startet am Sonntag, den&nbsp;<strong>14. Januar 2024<\/strong>, ab 10 Uhr im Oberfrohnaer Jahnhaus und ab Montag, den&nbsp;<strong>15. Januar 2024<\/strong>&nbsp;bei Buchhaus-Reisen auf der Helenenstra\u00dfe 2<\/p>\n","protected":false},"excerpt":{"rendered":"<p>Liebe Narren und Faschingsfreunde, zur traditionellen Rosenmontagsparty 2024 (12.2.) versetzen wir uns mit Euch ein paar Jahre zur\u00fcck und feiern gemeinsam im Jahnhaus das Ossigl\u00fcck! Unter dem Motto: SEID BEREIT, IMMER BEREIT! ZUR ROSENMONTAGSWENDE IM DEDERONKLEID werden in allen R\u00e4umen die \u201cMauern\u201d wackeln und hemmungslos gefeiert. Mit den erfahrenen DJ-Pionieren Hafer &amp; Ede, DJ Egge, [&hellip;]<\/p>\n","protected":false},"author":1,"featured_media":304,"parent":13,"menu_order":0,"comment_status":"closed","ping_status":"closed","template":"","meta":{"footnotes":""},"class_list":["post-303","page","type-page","status-publish","has-post-thumbnail","hentry"],"_links":{"self":[{"href":"https:\/\/tv-oberfrohna.de\/index.php?rest_route=\/wp\/v2\/pages\/303","targetHints":{"allow":["GET"]}}],"collection":[{"href":"https:\/\/tv-oberfrohna.de\/index.php?rest_route=\/wp\/v2\/pages"}],"about":[{"href":"https:\/\/tv-oberfrohna.de\/index.php?rest_route=\/wp\/v2\/types\/page"}],"author":[{"embeddable":true,"href":"https:\/\/tv-oberfrohna.de\/index.php?rest_route=\/wp\/v2\/users\/1"}],"replies":[{"embeddable":true,"href":"https:\/\/tv-oberfrohna.de\/index.php?rest_route=%2Fwp%2Fv2%2Fcomments&post=303"}],"version-history":[{"count":1,"href":"https:\/\/tv-oberfrohna.de\/index.php?rest_route=\/wp\/v2\/pages\/303\/revisions"}],"predecessor-version":[{"id":305,"href":"https:\/\/tv-oberfrohna.de\/index.php?rest_route=\/wp\/v2\/pages\/303\/revisions\/305"}],"up":[{"embeddable":true,"href":"https:\/\/tv-oberfrohna.de\/index.php?rest_route=\/wp\/v2\/pages\/13"}],"wp:featuredmedia":[{"embeddable":true,"href":"https:\/\/tv-oberfrohna.de\/index.php?rest_route=\/wp\/v2\/media\/304"}],"wp:attachment":[{"href":"https:\/\/tv-oberfrohna.de\/index.php?rest_route=%2Fwp%2Fv2%2Fmedia&parent=303"}],"curies":[{"name":"wp","href":"https:\/\/api.w.org\/{rel}","templated":true}]}}

<p>Liebe Narren und Faschingsfreunde,</p>



<p>zur traditionellen Rosenmontagsparty 2024 (12.2.) versetzen wir uns mit Euch ein paar Jahre zurück und feiern gemeinsam im Jahnhaus das Ossiglück!</p>



<p>Unter dem Motto: SEID BEREIT, IMMER BEREIT! ZUR ROSENMONTAGSWENDE IM DEDERONKLEID werden in allen Räumen die “Mauern” wackeln und hemmungslos gefeiert.</p>



<p>Mit den erfahrenen DJ-Pionieren Hafer &amp; Ede, DJ Egge, DJ Locke und den Hartmannsdorfer Schalmeien geht die feuchtfröhliche Ost-Sause so richtig los. Der&nbsp;<strong>kostenlose</strong>&nbsp;Bustransfer bringt alle feierwütigen Bürger aus dem Stadtgebiet Limbach-Oberfrohna sicher zur Feier und wieder nach Hause..</p>



<p>Der Kinderfasching findet einen Tag früher, also am Sonntag, den 11. Februar 2023 statt..&nbsp;<img loading="lazy" decoding="async" src="https://static.xx.fbcdn.net/images/emoji.php/v9/tcd/1/16/1f643.png" alt="🙃" width="16" height="16"></p>



<p>ACHTUNG der Vorverkauf der beliebten Rosenmontagskarten startet am Sonntag, den&nbsp;<strong>14. Januar 2024</strong>, ab 10 Uhr im Oberfrohnaer Jahnhaus und ab Montag, den&nbsp;<strong>15. Januar 2024</strong>&nbsp;bei Buchhaus-Reisen auf der Helenenstraße 2</p>

<p>Liebe Narren und Faschingsfreunde, zur traditionellen Rosenmontagsparty 2024 (12.2.) versetzen wir uns mit Euch ein paar Jahre zurück und feiern gemeinsam im Jahnhaus das Ossiglück! Unter dem Motto: SEID BEREIT, IMMER BEREIT! ZUR ROSENMONTAGSWENDE IM DEDERONKLEID werden in allen Räumen die “Mauern” wackeln und hemmungslos gefeiert. Mit den erfahrenen DJ-Pionieren Hafer &amp; Ede, DJ Egge, [&hellip;]</p>
