{"id":207,"date":"2024-09-25T14:33:09","date_gmt":"2024-09-25T14:33:09","guid":{"rendered":"http:\/\/85.215.161.183\/TvoDev\/?page_id=207"},"modified":"2026-01-16T19:16:55","modified_gmt":"2026-01-16T19:16:55","slug":"jiu-jitsu","status":"publish","type":"page","link":"http:\/\/tv-oberfrohna.de\/?page_id=207","title":{"rendered":"Jiu Jitsu"},"content":{"rendered":"\n<p class=\"has-large-font-size\">TRAININGSZEITEN<\/p>\n\n\n\n<p class=\"has-custom-tvo-blau-color has-text-color has-link-color wp-elements-cca27f1153c0a2a038af2bc8bf0fa2c1\">Mittwoch 17:15-18:45 Uhr + Samstag 10:00-11:30 Uhr<br>Jahnhaus &#8211; kleiner Turnsaal<\/p>\n\n\n\n<div class=\"wp-block-group has-global-padding is-layout-constrained wp-block-group-is-layout-constrained\">\n<div class=\"wp-block-columns is-layout-flex wp-container-core-columns-is-layout-28f84493 wp-block-columns-is-layout-flex\">\n<div class=\"wp-block-column is-layout-flow wp-block-column-is-layout-flow\" style=\"flex-basis:100%\">\n<h3 class=\"wp-block-heading\">Trainingsgruppen:<\/h3>\n\n\n\n<p>Die trainierenden M\u00e4nner und Frauen sind zwischen 6 und 70 Jahren alt und werden durch mehrere erfahrene Trainer (DOSB-Trainerlizenz, Ersthelfer) trainiert.<\/p>\n<\/div>\n<\/div>\n<\/div>\n\n\n\n<h3 class=\"wp-block-heading\">Trainerteam<\/h3>\n\n\n\n<p>Andreas Mass (Abteilungsleiter, Trainer)<br>Andreas Anderssohn (Trainer)<br>Marcel Maas (Trainer)<\/p>\n\n\n\n<p><strong>Kontakt:<\/strong><br>Tel.: 0179\/8640830<br>Email: tv-oberfrohna-jiujitsu@gmx.de<br><a href=\"https:\/\/www.ju-jutsu-sachsen.de\/\" data-type=\"link\" data-id=\"https:\/\/www.ju-jutsu-sachsen.de\/\">https:\/\/www.ju-jutsu-sachsen.de\/<\/a><\/p>\n\n\n\n<p class=\"has-text-align-left\"><strong>Kurzbeschreibung:<br><\/strong>Jiu Jitsu ist eine aus Japan stammende waffenlose Selbstverteidigung. <br>Sie beinhaltet sowohl die Verteidigung gegen Kontakt- (Umklammern, Umfassen, Greifen, etc.) und Atemiangriffe (Schlag- und Sto\u00dftechniken) als auch gegen Waffen. <br>Jiu Jitsu nutzt dabei Hebel, W\u00fcrfe, Schl\u00e4ge oder Tritte. Dabei soll beim Jiu Jitsu nicht Kraft gegen Kraft aufgewendet werden, sondern nach dem Prinzip <em>\u201eSiegen durch Nachgeben\u201c<\/em>  so viel wie m\u00f6glich der Kraft des Angreifers gegen ihn selbst verwendet werden. <br>\u00dcber das waffenlose Training hinaus, nutzen wir zur Selbstverteidigung auch Alltagsgegenst\u00e4nde wie Spazierstock, Regenschirm, Schl\u00fcsselbund oder traditionelle japanische Holzwaffen.<br>Die Abteilung Jiu Jitsu ist Mitglied im <a href=\"https:\/\/www.ju-jutsu-sachsen.de\/\">Ju Jutsu Verband Sachsen<\/a>. Die Trainierenden und Trainer nehmen regelm\u00e4\u00dfig an Lehrg\u00e4ngen und Fortbildungen teil.<\/p>\n\n\n\n<div style=\"height:96px\" aria-hidden=\"true\" class=\"wp-block-spacer\"><\/div>\n","protected":false},"excerpt":{"rendered":"<p>TRAININGSZEITEN Mittwoch 17:15-18:45 Uhr + Samstag 10:00-11:30 UhrJahnhaus &#8211; kleiner Turnsaal Trainingsgruppen: Die trainierenden M\u00e4nner und Frauen sind zwischen 6 und 70 Jahren alt und werden durch mehrere erfahrene Trainer (DOSB-Trainerlizenz, Ersthelfer) trainiert. Trainerteam Andreas Mass (Abteilungsleiter, Trainer)Andreas Anderssohn (Trainer)Marcel Maas (Trainer) Kontakt:Tel.: 0179\/8640830Email: tv-oberfrohna-jiujitsu@gmx.dehttps:\/\/www.ju-jutsu-sachsen.de\/ Kurzbeschreibung:Jiu Jitsu ist eine aus Japan stammende waffenlose Selbstverteidigung. Sie [&hellip;]<\/p>\n","protected":false},"author":1,"featured_media":0,"parent":0,"menu_order":0,"comment_status":"closed","ping_status":"closed","template":"","meta":{"footnotes":""},"class_list":["post-207","page","type-page","status-publish","hentry"],"_links":{"self":[{"href":"http:\/\/tv-oberfrohna.de\/index.php?rest_route=\/wp\/v2\/pages\/207","targetHints":{"allow":["GET"]}}],"collection":[{"href":"http:\/\/tv-oberfrohna.de\/index.php?rest_route=\/wp\/v2\/pages"}],"about":[{"href":"http:\/\/tv-oberfrohna.de\/index.php?rest_route=\/wp\/v2\/types\/page"}],"author":[{"embeddable":true,"href":"http:\/\/tv-oberfrohna.de\/index.php?rest_route=\/wp\/v2\/users\/1"}],"replies":[{"embeddable":true,"href":"http:\/\/tv-oberfrohna.de\/index.php?rest_route=%2Fwp%2Fv2%2Fcomments&post=207"}],"version-history":[{"count":11,"href":"http:\/\/tv-oberfrohna.de\/index.php?rest_route=\/wp\/v2\/pages\/207\/revisions"}],"predecessor-version":[{"id":2020,"href":"http:\/\/tv-oberfrohna.de\/index.php?rest_route=\/wp\/v2\/pages\/207\/revisions\/2020"}],"wp:attachment":[{"href":"http:\/\/tv-oberfrohna.de\/index.php?rest_route=%2Fwp%2Fv2%2Fmedia&parent=207"}],"curies":[{"name":"wp","href":"https:\/\/api.w.org\/{rel}","templated":true}]}}

<p class="has-large-font-size">TRAININGSZEITEN</p>



<p class="has-custom-tvo-blau-color has-text-color has-link-color wp-elements-cca27f1153c0a2a038af2bc8bf0fa2c1">Mittwoch 17:15-18:45 Uhr + Samstag 10:00-11:30 Uhr<br>Jahnhaus &#8211; kleiner Turnsaal</p>



<div class="wp-block-group has-global-padding is-layout-constrained wp-block-group-is-layout-constrained">
<div class="wp-block-columns is-layout-flex wp-container-core-columns-is-layout-28f84493 wp-block-columns-is-layout-flex">
<div class="wp-block-column is-layout-flow wp-block-column-is-layout-flow" style="flex-basis:100%">
<h3 class="wp-block-heading">Trainingsgruppen:</h3>



<p>Die trainierenden Männer und Frauen sind zwischen 6 und 70 Jahren alt und werden durch mehrere erfahrene Trainer (DOSB-Trainerlizenz, Ersthelfer) trainiert.</p>
</div>
</div>
</div>



<h3 class="wp-block-heading">Trainerteam</h3>



<p>Andreas Mass (Abteilungsleiter, Trainer)<br>Andreas Anderssohn (Trainer)<br>Marcel Maas (Trainer)</p>



<p><strong>Kontakt:</strong><br>Tel.: 0179/8640830<br>Email: tv-oberfrohna-jiujitsu@gmx.de<br><a href="https://www.ju-jutsu-sachsen.de/" data-type="link" data-id="https://www.ju-jutsu-sachsen.de/">https://www.ju-jutsu-sachsen.de/</a></p>



<p class="has-text-align-left"><strong>Kurzbeschreibung:<br></strong>Jiu Jitsu ist eine aus Japan stammende waffenlose Selbstverteidigung. <br>Sie beinhaltet sowohl die Verteidigung gegen Kontakt- (Umklammern, Umfassen, Greifen, etc.) und Atemiangriffe (Schlag- und Stoßtechniken) als auch gegen Waffen. <br>Jiu Jitsu nutzt dabei Hebel, Würfe, Schläge oder Tritte. Dabei soll beim Jiu Jitsu nicht Kraft gegen Kraft aufgewendet werden, sondern nach dem Prinzip <em>„Siegen durch Nachgeben“</em>  so viel wie möglich der Kraft des Angreifers gegen ihn selbst verwendet werden. <br>Über das waffenlose Training hinaus, nutzen wir zur Selbstverteidigung auch Alltagsgegenstände wie Spazierstock, Regenschirm, Schlüsselbund oder traditionelle japanische Holzwaffen.<br>Die Abteilung Jiu Jitsu ist Mitglied im <a href="https://www.ju-jutsu-sachsen.de/">Ju Jutsu Verband Sachsen</a>. Die Trainierenden und Trainer nehmen regelmäßig an Lehrgängen und Fortbildungen teil.</p>



<div style="height:96px" aria-hidden="true" class="wp-block-spacer"></div>

<p>TRAININGSZEITEN Mittwoch 17:15-18:45 Uhr + Samstag 10:00-11:30 UhrJahnhaus &#8211; kleiner Turnsaal Trainingsgruppen: Die trainierenden Männer und Frauen sind zwischen 6 und 70 Jahren alt und werden durch mehrere erfahrene Trainer (DOSB-Trainerlizenz, Ersthelfer) trainiert. Trainerteam Andreas Mass (Abteilungsleiter, Trainer)Andreas Anderssohn (Trainer)Marcel Maas (Trainer) Kontakt:Tel.: 0179/8640830Email: tv-oberfrohna-jiujitsu@gmx.dehttps://www.ju-jutsu-sachsen.de/ Kurzbeschreibung:Jiu Jitsu ist eine aus Japan stammende waffenlose Selbstverteidigung. Sie [&hellip;]</p>
